 l(q) = q**3 - 15*q**2 + 346 + 25*q - 189 - 151. What is l(13)?
-7
Suppose 4*g + 96 = 8*g. Suppose 3*o - 7*o = -g. Let a(r) = 0*r + o*r**2 - 6*r - 7*r**2. Calculate a(-6).
0
Let b(n) = n**3 + 3*n**2 - 3*n + 1. Let i be b(1). Let v(z) = 3*z**2 + 4*z**2 - 4*z**2 - 2*z**3 - z + 0*z**3. Determine v(i).
-6
Let s(w) = w**2 + 8*w - 22. Let q = -982 + 973. Give s(q).
-13
Let c(u) = 19*u**3 - 384*u**2 - 47*u - 82. Let t(j) = -12*j**3 + 254*j**2 + 32*j + 55. Let b(s) = 5*c(s) + 7*t(s). Determine b(13).
1
Suppose 74*h - 75*h = 5*o, h + 16 = 3*o. Let p(r) = -r**3 - 10*r**2 - 5. Determine p(h).
-5
Let y(r) = -r**2 + 332*r - 37 + 317*r + 329*r - 997*r - 25. Determine y(-18).
-44
Let x(j) = -5*j**2 + 52*j + 353. Let s be x(15). Let p(a) = a**2 - 27*a + 151. Determine p(s).
-1
Let w(s) = s**3 + 4*s**2 + 3*s + 4. Suppose -2*y + 14 + 14 = u, 0 = u - y - 16. Suppose -z - 3*n = 16, -11*n + u = -z - 15*n. Determine w(z).
-8
Let u(n) = 7*n**3 - 24*n**2 + 12*n + 3. Let o(t) = 16*t**3 - 53*t**2 + 24*t + 5. Let j(z) = -4*o(z) + 9*u(z). What is j(3)?
-20
Let o = 3090 + -3102. Let k(x) = 2*x**3 + 22*x**2 - 29*x - 53. What is k(o)?
7
Let k(x) = -x**2 - x + 12. Let m(j) = -5*j**2 - 14*j + 82. Let o(r) = -6*k(r) + m(r). Determine o(3).
-5
Let g(c) = c**3 - 69*c**2 - 144*c + 131. Suppose 365*r - 14411 = 17*r + 10297. Give g(r).
-11
Suppose 0*y + 4 = y. Let k(w) be the second derivative of -w**5/20 + 5*w**4/12 - w**3/2 + w**2 + 1063*w. Determine k(y).
6
Let d(a) be the first derivative of a**4/4 + 4*a**3 + 39*a**2/2 + 51*a - 6438. Give d(-8).
-5
Let t(g) = 3*g**3 - 6*g**2 + 12*g - 10. Let i be (-1)/(1/(-7)) - (4 + 1)/1. What is t(i)?
14
Let q = -15 + 19. Suppose 3*r + 3*n + 9 = 0, -r + q*r - 4*n + 30 = 0. Let c(f) = -f**2 - 9*f - 7. Give c(r).
11
Suppose t + 8 + 13 = -3*a, 2*a = t - 9. Let f(c) be the third derivative of -c**6/120 - c**5/12 + c**4/4 + c**3/2 - 380*c**2 - 2*c. Give f(a).
3
Let r(z) = z**2 - 14*z + 29. Suppose -l + 3*b + 17 = 0, 1986*b - 30 = -2*l + 1990*b. What is r(l)?
-4
Let v(q) = -8 + 21 + 7*q + 4*q + q**2. Suppose -28 = 3*l - 0*l + y, 4*y + 28 = -5*l. Determine v(l).
25
Let g = -185 + 117. Let x be 0 - 8 - (-65 - g). Let j(t) = -2*t + 1. What is j(x)?
23
Let p(a) = -a - 3. Suppose -3*g - 5*w + 35 = 0, 5*w - 6 = 2*g + 4. Suppose 0 = -2*j + g*t - 28, -3*t + 32 = -5*j - 0*t. Calculate p(j).
1
Let g(x) = 4*x - 4. Let y(r) = -66*r - 462. Let b be y(-7). What is g(b)?
-4
Let g(o) = 0 + 13454*o - 13478*o - 28 - o**2. What is g(-23)?
-5
Suppose 0 = -4*q + 5*t - 19 + 16, 2*q + 2*t = 12. Let o(k) = 72*k - 212. Give o(q).
4
Let i(j) be the second derivative of -1/12*j**4 + 4/3*j**3 + 3*j + 13/2*j**2 - 1. What is i(9)?
4
Let j(l) = l**3 - l**2 - 11*l - 3. Suppose -4*f - 102 = -90. Let v be j(f). Let k(o) = 4*o - 3. What is k(v)?
-27
Let o(r) be the first derivative of -r**4/4 + 13*r**3/3 + 7*r**2 + 11*r + 2. Suppose 3*h - 34 = -2*d, -7*h - 76*d = -80*d - 114. Give o(h).
11
Suppose 23*l + 45 - 22 = 0. Let g(w) = 27*w**3 + w**2 + 2*w. Give g(l).
-28
Let o(f) = -1. Let v be 2*(4 + -1 - 4)*-1. Let j(l) = -2*l**3 + 2*l**2 + 2*l - 2. Let z(k) = v*o(k) - j(k). What is z(2)?
4
Let q(n) be the second derivative of -2*n + 13/2*n**2 - 4 + 1/6*n**3. Give q(-10).
3
Let d(x) = x - 5. Suppose 2*k - 7*k = -5*u, -2 = -3*u + 4*k. Let n be 35*(-15)/15*u/7. What is d(n)?
5
Let s(x) be the third derivative of 17*x**4/24 - 34*x**3/3 - 189*x**2 - 1. Calculate s(4).
0
Let z(w) = w**3 - 6*w**2 - 2*w - 20. Let t = -12753 - -12760. Give z(t).
15
Let z be 3/(-2) + 350/(-20) + 6 + 12. Let g(t) = 18*t**3 + 2*t**2 + 2*t + 1. What is g(z)?
-17
Let q(k) = 500*k + 14. Let z(j) = 38*j + 1. Let r(x) = -q(x) + 13*z(x). Suppose 8 = -0*m + 2*m. Suppose -g = -m*g - 3. What is r(g)?
5
Let k = -259 + 288. Let s(c) = -22*c - 11*c - c**2 + k*c. Let m(t) = t - 8. Let u be m(4). Give s(u).
0
Let h(o) be the third derivative of o**4/8 - 11*o**3/6 - 2*o**2 + 352*o. Determine h(6).
7
Let b(o) = 14*o - 17. Suppose 0 = 181*a + 390 + 153. What is b(a)?
-59
Let m(q) = q**2 - 19*q - 49. Suppose -40*j - 5*r = -45*j + 100, -4*r = -5*j + 101. Calculate m(j).
-7
Let z = -16588 - -16578. Let q(x) = x**2 + 5*x - 1. Determine q(z).
49
Let x(i) = -i**2 + 5*i + 10. Suppose -4*y = w - 1, 0 = -y + 4*w - w - 3. Suppose -r + 2*r + 5*l + 35 = y, -85 = 2*r + 5*l. Let t = -43 - r. Calculate x(t).
-4
Let c(i) = -i**3 - 10*i**2 + 16*i + 27. Let o(w) = -3*w**3 - 32*w**2 - 74*w + 10. Let d be o(-7). What is c(d)?
-28
Suppose 58 = b + 47. Let w(u) = -b + u**3 + 0*u**3 + 2 - 1. Give w(0).
-10
Let u(z) be the first derivative of z**5/60 - z**4/8 + 19*z**2 + 3*z + 40. Let b(y) be the second derivative of u(y). Give b(4).
4
Let u(p) = 6*p**2 - 68*p + 17. Let m be (-28)/14*(2 + (-45)/6). What is u(m)?
-5
Let b = 58 + -58. Suppose b = -z - 5*q + 17, -3*z - 5*q + 39 = -2*q. Let m(p) = -24 + 9 - 8*p + p + z + p**2. Calculate m(8).
5
Let j be ((-7)/(-3))/((-60)/18 - -3). Let r(p) = 18*p + 3. Let o(b) = 13*b + 2. Let k(t) = j*o(t) + 5*r(t). Determine k(1).
0
Suppose 584*u - 14 = 570*u. Let l(d) = 30*d**3 + d**2 - d + 1. Calculate l(u).
31
Let s(h) = -h**3 - 8*h**2 - h - 5. Let v be (-84)/(-63) - (-364)/(-39). What is s(v)?
3
Let y be -5*(-2)/(-5)*2. Let i(z) = 121*z**3 + 8*z**2 + 12*z + 7. Let r(m) = 40*m**3 + m**2 + 2*m + 1. Let n(h) = i(h) - 3*r(h). What is n(y)?
-4
Let f(v) = -76*v**2 - v + 12. Let m(o) = 35*o**2 + o - 6. Let k(l) = -6*f(l) - 13*m(l). Let u(w) = -w. Let q be u(-4). What is k(q)?
-6
Let a(q) be the second derivative of q**4/12 + 10*q**3/3 + 43*q**2/2 + 9523*q. Give a(-16).
-21
Let m(w) = w**3 + w**2 - w. Let a(u) = -5*u**3 - 7*u**2 + 7*u + 8. Let h(p) = a(p) + 6*m(p). Let z(o) = o**2 + 30*o - 175. Let v be z(5). Calculate h(v).
8
Let m(t) be the second derivative of 1/12*t**4 + 5*t**2 + 0 + 5/3*t**3 + 49*t. What is m(-8)?
-6
Let m(l) = -6*l**3 - l. Let h be (-5)/10*(3 - 3). Suppose h = 6*t - 8*t + 4*q + 26, -5*t + q = -29. Suppose t*p = -4*s - 21, s - 5*p = -s + 27. Determine m(s).
-7
Let h(j) = j**2 - 5. Let w = 106 + -104. Suppose 2*s - 6*g = -w*g - 22, -4*g - 3 = 3*s. Give h(s).
20
Let z(x) be the second derivative of -x**4/12 + 17*x**3/6 - 2*x**2 - 3*x - 1123. Give z(18).
-22
Let o(d) = 2*d**2 - 18*d - 3. Let r(s) = 12*s + 20*s**2 - 35*s**2 + 2 + 5*s**2 + 9*s**2. Suppose 0*z + z = -5. Let h(g) = z*o(g) - 8*r(g). Give h(-4).
-9
Let i(g) be the second derivative of -g - 1/20*g**5 + 1/12*g**4 + 0 + 2*g**2 + 1/6*g**3. Let j(s) = s**2 - 566*s - 567. Let f be j(-1). What is i(f)?
4
Let j(o) = 16*o + 1. Let a(k) = 117*k + 102*k - 210*k. Let g(d) = -7*a(d) + 4*j(d). What is g(-3)?
1
Let p(s) = -s**3 - 3*s**2 + 12*s + 3. Suppose 11*n - 17 = 12*n + 2*k, k = -n - 11. Determine p(n).
-7
Let o = 908 + -905. Let i(j) = -2*j**2 - 23*j + 81. Let w be i(o). Let p(u) = 2*u - 4. Let l(v) = -7*v + 15. Let q(g) = 6*l(g) + 22*p(g). Calculate q(w).
-10
Let y(j) = 3*j + 38. Let a = -1570 - -1552. What is y(a)?
-16
Let w(l) = l**2 - 8*l - 5. Let u(i) = i + 12. Let c be u(-6). Suppose 0 = 13*n + 173 - 498. Suppose -23 = -c*x + n. Give w(x).
-5
Let j(o) = 417*o + 2513. Let h(f) = 138*f + 833. Let b(c) = 8*h(c) - 3*j(c). Calculate b(-6).
7
Suppose 0 = 2*l + m - 3 + 5, -3*l - 5*m - 10 = 0. Let r be l*4/24*-2 + 2. Let s(a) be the third derivative of -a**4/4 - 2*a**2. What is s(r)?
-12
Let c(k) = 3*k - 11. Let n(b) = 3*b - 20. Let y(a) = 8*a - 50. Let r(u) = -12*n(u) + 5*y(u). Let z(j) = -3*c(j) + 2*r(j). Determine z(7).
6
Let u(b) = b - 2. Let q = 13 - 10. Suppose -4 = q*y + y. Let o = y + -3. Determine u(o).
-6
Let n be (25/(-20) + 0)*4/(-1). Let w(v) = 23*v**2 + 9*v - 11. Let f(y) = 15*y**2 + 8*y - 11. Let k(u) = 3*f(u) - 2*w(u). What is k(n)?
-6
Let c = -2 + 5. Let w(i) = 137*i - 3 - 685*i + 559*i. Calculate w(c).
30
Suppose -119*h = -118*h + 4*k + 18, 30 = 5*h - 4*k. Let b(c) = 9*c + 1013 - 2017 + 1012 + c**h. Determine b(-7).
-6
Suppose -4675 = 48*m + 139*m. Let i(y) = y**2 + 27*y + 58. Determine i(m).
8
Let j(s) = 2*s - 31*s + 11*s + 19 - 8 + 8*s. Determine j(5).
-39
Let b(t) be the first derivative of -t**4/4 + 7*t**3/3 - 2*t**2 + 13*t + 2814. Calculate b(6).
25
Let g(v) = -v**3 + 6*v**2 + 29*v - 3. Suppose 4*s - s = -2*m + 29, 4*m = 4*s - 32. Give g(s).
15
Let h(n) = -8*n**3 + n**2. Let z be 1 + (-6)/8*44/(-33). Suppose 49 = z*j + 47. Give h(j